at is the remainder when u is divided by o?
13
Let n(u) = -u**3 - 6*u**2 - 3*u - 4. Suppose 5*q - 83 = -2*g, -2*g = 2*q - 16 - 52. Suppose -g + 333 = 8*o. Calculate the remainder when o is divided by n(-6).
10
Suppose 0 = 7*s - 8*s + 11. Suppose g - 25 = -s. Let d(u) = -u**2 - 5*u - 1. What is the remainder when g is divided by d(-4)?
2
Let m(b) = 13*b + 1. Let o be m(-1). Let h = o - -13. What is the remainder when 13 is divided by -2 + 4 + h + 1?
1
Let u(k) = 4*k**2 + 22*k + 93. Calculate the remainder when 626 is divided by u(-6).
101
Let j(q) = q + 227. Let m be j(0). Let f = m - 150. What is the remainder when f is divided by 20?
17
Suppose -6 + 3 = -4*n + g, -3*n + 31 = 5*g. Suppose -n = b - 32. What is the remainder when b is divided by -6*3/(-1) + -2?
14
Let n = 32 - 29. Suppose 0 = n*q - q - 56. Calculate the remainder when 55 is divided by q.
27
Let b = -814 + 828. Let c = -29 - -54. What is the remainder when c is divided by b?
11
Let r = -149 - -183. Let b = -154 - -323. What is the remainder when b is divided by r?
33
Suppose 5*i + 20 = 3*f + 2*f, -5*f + i + 8 = 0. Let d = 2 - 0. Suppose 0 = -d*y + 6*y - 8. What is the remainder when y is divided by f?
0
Let t(u) = u + 8. Suppose 12*r - 12 = 9*r. What is the remainder when 47 is divided by t(r)?
11
Let i = 188 - 72. Calculate the remainder when i is divided by 41.
34
Let q(m) = -9*m. Let o be q(-4). Suppose 36 = 4*c - o. Calculate the remainder when 88 is divided by c.
16
Calculate the remainder when (-17 - (-16 - 5))*(-1438)/(-4) is divided by 120.
118
Let f = -61 + 91. What is the remainder when 63 is divided by f?
3
Let y(p) = 2*p**2 + 18*p + 19. Let b(k) = -k**2 + 6*k + 8. Let h be b(-2). What is the remainder when 6 is divided by y(h)?
0
Let u be ((-2)/(-3))/(2/(-15)). Let l be -27*1 + (-4 - u). Let j = l - -36. What is the remainder when 38 is divided by j?
8
Let v = 41 - -34. Let p be ((-2)/(-5))/(5/v). Suppose -5*d - 1 = -p. What is the remainder when 1 is divided by d?
0
Suppose 26*u + 52*u + 38*u = 4060. Suppose -i = -3*i + 24. What is the remainder when u is divided by i?
11
Suppose -279 = -40*t - 39. Suppose -5 = 3*s - 2, 2*n = 4*s + 26. Calculate the remainder when n is divided by t.
5
Suppose 0 = -3*g - g. Suppose 0 = 5*p - l - 203, 3*p + 9*l - 5*l - 131 = g. Calculate the remainder when p is divided by 14.
13
Suppose -4*q + 33 = 5*g, -4*g = 2*q - 30 + 6. Suppose 4*i - 3*i = 6. What is the remainder when g is divided by 1/(2/(i/1))?
2
Let i(q) = 166*q - 1. Let w be i(1). Suppose -5*k + w = 65. Calculate the remainder when 90 is divided by k.
10
Suppose -4*t - 76 = -3*k - k, 4*k = 2*t + 48. Let q = -16 + t. Let a = -19 - q. Calculate the remainder when a is divided by 7.
4
Suppose 0 = -3*c - j + 38, -4*c + 57 - 11 = -j. What is the remainder when 177 is divided by c?
9
What is the remainder when -4*(517/(-12) + (-23)/138) is divided by 6?
5
Let r(f) = f**3 + 21*f**2 - 61*f - 13. What is the remainder when r(-11) is divided by 26?
22
Let l(x) = -2*x**3 + 4*x**3 + x + 2*x**3 + 4*x**2 + 1 - 3*x**3. Calculate the remainder when 18 is divided by l(-3).
4
Suppose 3*m = -10*c + 15*c + 112, 3*m - 62 = -5*c. Calculate the remainder when 214 is divided by m.
11
Let u(a) = -a**2 + 9*a - 17. Let y be u(3). Suppose z + 3064 = 992. What is the remainder when y/4 + z/(-32) is divided by 17?
14
Let y = 86 - 73. What is the remainder when ((-12)/8)/(2/(-32)) is divided by y?
11
Suppose 7 = c + 8*h - 6*h, -c + 2*h = -23. Let g(p) = -p + 7. Let a be g(5). Suppose -a*y + 100 = -14. Calculate the remainder when y is divided by c.
12
Let z be -4 + 1 + (6 - 9). Let v(i) = -i**2 - 9*i - 6. Let g = -58 + 115. What is the remainder when g is divided by v(z)?
9
Let q = -39 - -56. Let u = q + -12. What is the remainder when u is divided by 2?
1
Let i be 3/(-6)*2*23. Let s = i + 34. Calculate the remainder when s is divided by 5.
1
Suppose 5*o = -i + 2*i, -2*i - 4*o = -56. What is the remainder when i is divided by 3/2 - 325/(-50)?
4
Let b(n) = -45*n**2 + 8 + 1 + 48*n**2 - 11*n. What is the remainder when b(8) is divided by 29?
26
Suppose 0 = -56*r - 2881 + 66553. What is the remainder when r is divided by 17?
15
Let v = -24 - -37. Let f = -10 + v. What is the remainder when 7 is divided by f?
1
Suppose c + 27 = -0*c. Let v(t) = -3*t + 18. Let b be v(11). Let q = b - c. Calculate the remainder when 47 is divided by q.
11
Let p(b) = 10*b - 3. Let q(m) = m**2 - m - 2. Let x be q(4). Suppose 0 = -8*v + 3*v + x. Calculate the remainder when 50 is divided by p(v).
16
What is the remainder when 41*(-8)/(8/(-9)) is divided by 34?
29
Suppose j - 5*j - i + 857 = 0, 1069 = 5*j + 2*i. Suppose -2*g - g + j = -5*d, -3*g + 3*d = -207. What is the remainder when g is divided by 33?
32
Let g be (-64)/(-12) - (-4)/6. Suppose g = k + k. Suppose -k*f + 63 = -0. What is the remainder when f is divided by 13?
8
Let z be (-33)/(-9) + (-2)/3. Suppose k - 4*o = -o + 47, -z*o + 29 = k. Calculate the remainder when k is divided by -2 - 3/(3/(-10)).
6
Let x = 1518 - 1499. Calculate the remainder when 30 is divided by x.
11
Suppose -124*d - 1742 = -258*d. Suppose z = -2*z - 3*v + 57, 3*v + 51 = 3*z. What is the remainder when z is divided by d?
5
Let h(f) = f**3 - 15*f**2 + f + 10. Let a be (-1)/((-116)/(-60) - 2). Let j be h(a). What is the remainder when (-404)/(-10) - 10/j is divided by 22?
18
Let s(p) = 6*p + 7. Let w(f) = -17*f - 21. Let q(k) = 7*s(k) + 2*w(k). What is the remainder when q(13) is divided by 28?
27
Suppose -5*j - 4 = 2*d, 4*d - 61 = j - 25. Suppose 0 = -3*c + d*c - 45. Calculate the remainder when 17 is divided by c.
8
Suppose 5*j = -5, 0*j - 37 = -3*s - 2*j. What is the remainder when 61 is divided by s?
9
Let y = 18 + -24. Calculate the remainder when 29 is divided by y/(-4)*(-22)/(-3).
7
Let m = -764 + 803. Calculate the remainder when 99 is divided by m.
21
What is the remainder when 39 is divided by (6 - 7)*-2 + 9 + 0?
6
Suppose 63 = 6*c - 93. What is the remainder when 36 is divided by c?
10
Suppose 4*o = -3*u - 0*o + 314, -4 = o. What is the remainder when (74 + 5)/((-2)/(-2)) is divided by u/4 - (-13)/(-26)?
25
Let b(y) = -5*y - 12. Let p(j) = 2*j + 1. Let d be p(2). Suppose -d*i = s + 73 - 28, 0 = -2*s. What is the remainder when 96 is divided by b(i)?
30
Let t = 12 + -7. Let r(q) = 0*q**2 + 2*q - 8 + 0*q - t*q + q**2. Calculate the remainder when 27 is divided by r(6).
7
Suppose 87*g - 6283 = -280. Let r = 25 - 15. What is the remainder when g is divided by r?
9
Let w = 5 - -4. Calculate the remainder when 21 + ((-27)/(-81) - 16/(-6)) is divided by w.
6
Let c be (-30)/(-75) + (-78)/(-5). Suppose i - 5*i + c = 0. Suppose 0 = -0*w + i*w - 208. What is the remainder when w is divided by 9?
7
Suppose 3*s + q - 18 = 0, -3*s + 2*s + 5*q - 10 = 0. Suppose 2*z = -2*b + 10, s*z + 11 - 42 = -3*b. What is the remainder when z is divided by 7?
1
Suppose -19859 = 39*f - 87173. Calculate the remainder when f is divided by 72.
70
Suppose -96 = -3*y + 72. Calculate the remainder when y is divided by -1 - -6 - 8 - -22.
18
What is the remainder when 46 is divided by 12 - 14 - 41*-1?
7
Suppose -9 = p - 12. Suppose p*z + 4*j + 132 = j, -z + 5*j - 14 = 0. Let u = 60 + z. What is the remainder when u is divided by 12?
9
Let l = 148 - 78. Let o = 74 - l. What is the remainder when 19 is divided by o?
3
Let f = 35 - 32. Let r be -5 - -24 - 3*-1. Suppose 0 = -f*v + r + 155. Calculate the remainder when v is divided by 12.
11
Let r = 236 - 234. Calculate the remainder when 2 is divided by r.
0
Let r = -143 + 280. Calculate the remainder when r is divided by 20.
17
Let l(m) = -19*m - 141. Calculate the remainder when l(-13) is divided by 2/(-17) - (-616)/34.
16
Suppose -686 = 7*d - 833. Calculate the remainder when 183 is divided by d.
15
Suppose 3*a + 27 = 4*a - 3*i, -5*a - 2*i + 101 = 0. Suppose -83 + 283 = 23*z - 53. Calculate the remainder when a is divided by z.
10
Let y be (8/2 + -1)*48/72. Suppose y*p - 15 = 31. What is the remainder when 110 is divided by p?
18
Let a be 6 + -5 + 4 - 2. Suppose -a*i = -142 - 8. Calculate the remainder when i is divided by 13.
11
Let c(v) = 6*v - 34. What is the remainder when 52 is divided by c(9)?
12
Suppose -6*l = -3*l. Suppose -3*d - 9 = l, -41 = -w - d - d. What is the r